{"id":19,"date":"2019-04-09T20:28:20","date_gmt":"2019-04-09T18:28:20","guid":{"rendered":"http:\/\/www.psychotherapie-schawe.de\/?page_id=19"},"modified":"2020-02-01T15:47:13","modified_gmt":"2020-02-01T14:47:13","slug":"ueber-mich","status":"publish","type":"page","link":"http:\/\/www.psychotherapie-schawe.de\/en\/ueber-mich\/","title":{"rendered":"About me"},"content":{"rendered":"\n<div class=\"wp-block-image\"><figure class=\"alignright is-resized\"><img loading=\"lazy\" src=\"http:\/\/www.psychotherapie-schawe.de\/wp\/wp-content\/uploads\/2019\/04\/IMG_9308-Kopie-683x1024.jpg\" alt=\"\" class=\"wp-image-79\" width=\"209\" height=\"314\" srcset=\"http:\/\/www.psychotherapie-schawe.de\/wp\/wp-content\/uploads\/2019\/04\/IMG_9308-Kopie-683x1024.jpg 683w, http:\/\/www.psychotherapie-schawe.de\/wp\/wp-content\/uploads\/2019\/04\/IMG_9308-Kopie-200x300.jpg 200w, http:\/\/www.psychotherapie-schawe.de\/wp\/wp-content\/uploads\/2019\/04\/IMG_9308-Kopie-768x1152.jpg 768w\" sizes=\"(max-width: 209px) 100vw, 209px\" \/><\/figure><\/div>\n\n\n\n<p>In der Psychotherapie arbeite ich bed\u00fcrfnisorientiert und verwende unterschiedliche therapeutische Interventionen, je nachdem welche Anliegen Sie in die Therapie einbringen. Mein Ziel ist<strong>,<\/strong> mit Ihnen gemeinsam L\u00f6sungen zu finden, die zu Ihnen passen und zu erarbeiten, wie Sie Ihr Leben noch mehr entsprechend Ihrer ganz pers\u00f6nlichen Werte und Ziele gestalten k\u00f6nnen.<\/p>\n\n\n\n<p>Mir ist es wichtig, in unserer Zusammenarbeit eine transparente und bewertungsfreie Atmosph\u00e4re zu schaffen, in der alle Themen angesprochen werden k\u00f6nnen. Ich m\u00f6chte gemeinsam mit Ihnen erarbeiten, welche Faktoren in Ihrem Leben dazu beigetragen haben, dass es zu der, von Ihnen erlebten, Beeintr\u00e4chtigung gekommen ist. Dabei liegt mir Individualit\u00e4t besonders am Herzen. Die Ziele f\u00fcr unsere Zusammenarbeit erarbeiten wir gemeinsam und Behandlungsschritte und angewandte Interventionen werden auf Ihre pers\u00f6nliche Problematik abgestimmt. <\/p>\n\n\n\n<p>Rassismus- und Sexismussensitivit\u00e4t sind f\u00fcr mich Grundvoraussetzung f\u00fcr meine Arbeit. Ich bin vertraut mit diversen Lebensrealit\u00e4ten, die nicht den g\u00e4ngigen gesellschaftlichen Konventionen entsprechen. <br><\/p>\n\n\n\n<p>F\u00fcr die Qualit\u00e4t meiner Arbeit sorge ich durch regelm\u00e4\u00dfige Fortbildungen, fachliche Supervision und kollegiale Intervision.<\/p>\n\n\n\n<p><strong>Mein Behandlungsspektrum beinhaltet<\/strong><br><\/p>\n\n\n\n<ul><li> Panikattacken<\/li><li>Phobien und Angstzust\u00e4nde<\/li><li>Zwangserkrankungen (Zwangsgedanken, Zwangshandlungen)<\/li><li>psychosomatische Beschwerden  <\/li><li> Stressbedingte Erkrankungen, Burnout<\/li><li>Schlafst\u00f6rungen<\/li><li>Essst\u00f6rungen<\/li><li>Anpassungsst\u00f6rungen<\/li><li>Pers\u00f6nlichkeitsst\u00f6rungen<\/li><li>posttraumatische Belastungsst\u00f6rungen und anderen Reaktionen auf schwere Belastungssituationen <\/li><li> R\u00fcckfallprophylaxe bei S\u00fcchten<\/li><li>Lebenskrisen<\/li><\/ul>\n\n\n\n<p><strong>Therapeutische Aus-und Weiterbildungen<\/strong><\/p>\n\n\n\n<p>Weiterbildung zur Schematherapeutin, Institut f\u00fcr Schematherapie Berlin, begonnen 2019<br><br>Weiterbildung Psychotherapeutische Arbeit mit gendernonkonformen, genderqueeren und trans* geschlechtlichen Personen und ihren Angeh\u00f6rigen, 2019 <br> <br>Weiterbildung zur Gruppenpsychotherapeutin (2017 \u2013 2018) <br><br>Ausbildung zur Psychologischen Psychotherapeutin, Berliner Fortbildungsakademie (2013 &#8211; 2017) <br><br>Bachelor und Master der Psychologie an der Radboud Universit\u00e4t Nijmegen (2008 \u2013 2013 <\/p>\n","protected":false},"excerpt":{"rendered":"<p>In der Psychotherapie arbeite ich bed\u00fcrfnisorientiert und verwende unterschiedliche therapeutische Interventionen, je nachdem welche Anliegen Sie in die Therapie einbringen. Mein Ziel ist, mit Ihnen gemeinsam L\u00f6sungen zu finden, die zu Ihnen passen und zu erarbeiten, wie Sie Ihr Leben noch mehr entsprechend Ihrer ganz pers\u00f6nlichen Werte und Ziele gestalten k\u00f6nnen. Mir ist es wichtig, &hellip; <\/p>\n<p class=\"link-more\"><a href=\"http:\/\/www.psychotherapie-schawe.de\/en\/ueber-mich\/\" class=\"more-link\">Continue reading<span class=\"screen-reader-text\"> &#8220;About me&#8221;<\/span><\/a><\/p>\n","protected":false},"author":1,"featured_media":115,"parent":0,"menu_order":0,"comment_status":"closed","ping_status":"closed","template":"","meta":{"spay_email":""},"translation":{"provider":"WPGlobus","version":"2.8.1","language":"en","enabled_languages":["de","es","en"],"languages":{"de":{"title":true,"content":true,"excerpt":false},"es":{"title":true,"content":false,"excerpt":false},"en":{"title":true,"content":false,"excerpt":false}}},"jetpack_sharing_enabled":true,"jetpack_shortlink":"https:\/\/wp.me\/PaStcw-j","_links":{"self":[{"href":"http:\/\/www.psychotherapie-schawe.de\/en\/wp-json\/wp\/v2\/pages\/19"}],"collection":[{"href":"http:\/\/www.psychotherapie-schawe.de\/en\/wp-json\/wp\/v2\/pages"}],"about":[{"href":"http:\/\/www.psychotherapie-schawe.de\/en\/wp-json\/wp\/v2\/types\/page"}],"author":[{"embeddable":true,"href":"http:\/\/www.psychotherapie-schawe.de\/en\/wp-json\/wp\/v2\/users\/1"}],"replies":[{"embeddable":true,"href":"http:\/\/www.psychotherapie-schawe.de\/en\/wp-json\/wp\/v2\/comments?post=19"}],"version-history":[{"count":22,"href":"http:\/\/www.psychotherapie-schawe.de\/en\/wp-json\/wp\/v2\/pages\/19\/revisions"}],"predecessor-version":[{"id":185,"href":"http:\/\/www.psychotherapie-schawe.de\/en\/wp-json\/wp\/v2\/pages\/19\/revisions\/185"}],"wp:featuredmedia":[{"embeddable":true,"href":"http:\/\/www.psychotherapie-schawe.de\/en\/wp-json\/wp\/v2\/media\/115"}],"wp:attachment":[{"href":"http:\/\/www.psychotherapie-schawe.de\/en\/wp-json\/wp\/v2\/media?parent=19"}],"curies":[{"name":"wp","href":"https:\/\/api.w.org\/{rel}","templated":true}]}}

<div class="wp-block-image"><figure class="alignright is-resized"><img loading="lazy" src="http://www.psychotherapie-schawe.de/wp/wp-content/uploads/2019/04/IMG_9308-Kopie-683x1024.jpg" alt="" class="wp-image-79" width="209" height="314" srcset="http://www.psychotherapie-schawe.de/wp/wp-content/uploads/2019/04/IMG_9308-Kopie-683x1024.jpg 683w, http://www.psychotherapie-schawe.de/wp/wp-content/uploads/2019/04/IMG_9308-Kopie-200x300.jpg 200w, http://www.psychotherapie-schawe.de/wp/wp-content/uploads/2019/04/IMG_9308-Kopie-768x1152.jpg 768w" sizes="(max-width: 209px) 100vw, 209px" /></figure></div>



<p>In der Psychotherapie arbeite ich bedürfnisorientiert und verwende unterschiedliche therapeutische Interventionen, je nachdem welche Anliegen Sie in die Therapie einbringen. Mein Ziel ist<strong>,</strong> mit Ihnen gemeinsam Lösungen zu finden, die zu Ihnen passen und zu erarbeiten, wie Sie Ihr Leben noch mehr entsprechend Ihrer ganz persönlichen Werte und Ziele gestalten können.</p>



<p>Mir ist es wichtig, in unserer Zusammenarbeit eine transparente und bewertungsfreie Atmosphäre zu schaffen, in der alle Themen angesprochen werden können. Ich möchte gemeinsam mit Ihnen erarbeiten, welche Faktoren in Ihrem Leben dazu beigetragen haben, dass es zu der, von Ihnen erlebten, Beeinträchtigung gekommen ist. Dabei liegt mir Individualität besonders am Herzen. Die Ziele für unsere Zusammenarbeit erarbeiten wir gemeinsam und Behandlungsschritte und angewandte Interventionen werden auf Ihre persönliche Problematik abgestimmt. </p>



<p>Rassismus- und Sexismussensitivität sind für mich Grundvoraussetzung für meine Arbeit. Ich bin vertraut mit diversen Lebensrealitäten, die nicht den gängigen gesellschaftlichen Konventionen entsprechen. <br></p>



<p>Für die Qualität meiner Arbeit sorge ich durch regelmäßige Fortbildungen, fachliche Supervision und kollegiale Intervision.</p>



<p><strong>Mein Behandlungsspektrum beinhaltet</strong><br></p>



<ul><li> Panikattacken</li><li>Phobien und Angstzustände</li><li>Zwangserkrankungen (Zwangsgedanken, Zwangshandlungen)</li><li>psychosomatische Beschwerden  </li><li> Stressbedingte Erkrankungen, Burnout</li><li>Schlafstörungen</li><li>Essstörungen</li><li>Anpassungsstörungen</li><li>Persönlichkeitsstörungen</li><li>posttraumatische Belastungsstörungen und anderen Reaktionen auf schwere Belastungssituationen </li><li> Rückfallprophylaxe bei Süchten</li><li>Lebenskrisen</li></ul>



<p><strong>Therapeutische Aus-und Weiterbildungen</strong></p>



<p>Weiterbildung zur Schematherapeutin, Institut für Schematherapie Berlin, begonnen 2019<br><br>Weiterbildung Psychotherapeutische Arbeit mit gendernonkonformen, genderqueeren und trans* geschlechtlichen Personen und ihren Angehörigen, 2019 <br> <br>Weiterbildung zur Gruppenpsychotherapeutin (2017 – 2018) <br><br>Ausbildung zur Psychologischen Psychotherapeutin, Berliner Fortbildungsakademie (2013 &#8211; 2017) <br><br>Bachelor und Master der Psychologie an der Radboud Universität Nijmegen (2008 – 2013 </p>

<p>In der Psychotherapie arbeite ich bedürfnisorientiert und verwende unterschiedliche therapeutische Interventionen, je nachdem welche Anliegen Sie in die Therapie einbringen. Mein Ziel ist, mit Ihnen gemeinsam Lösungen zu finden, die zu Ihnen passen und zu erarbeiten, wie Sie Ihr Leben noch mehr entsprechend Ihrer ganz persönlichen Werte und Ziele gestalten können. Mir ist es wichtig, &hellip; </p>
<p class="link-more"><a href="http://www.psychotherapie-schawe.de/en/ueber-mich/" class="more-link">Continue reading<span class="screen-reader-text"> &#8220;About me&#8221;</span></a></p>
